at is the units digit of q?
3
Suppose -6 = -t - 4. Suppose 0 = g + t. What is the tens digit of g + 2 + 18 + -2?
1
What is the thousands digit of (-6608)/((-20)/5) - 63/(-9)?
1
Let s = -130 - 42. Let v = -95 - s. Let t = v + -42. What is the tens digit of t?
3
Suppose -2*g - 19 = -g + 3*o, 2*g = -2*o - 54. Let r = g + 97. What is the tens digit of r?
6
Let g(v) = 4*v**2 + 7*v - 175. What is the units digit of g(13)?
2
Let j(c) = 345*c + 151. What is the units digit of j(5)?
6
Let p(h) = h**2 - 4*h + 6. Let v be p(4). Suppose 4*l - l = -v. Let n(d) = -d**3 + 2*d - 1. What is the units digit of n(l)?
3
Suppose -7*q + 30*q = 19734. What is the hundreds digit of q?
8
Let q(w) = w**2 - 6*w + 9. Let v be q(3). Suppose 2*s - 2 = v, -4*s - 481 = -5*f - 0*s. What is the tens digit of f?
9
What is the hundreds digit of ((-2)/2 + 0)*(-19870)/5?
9
Let c(v) = 5*v + 2. Let p be c(2). Suppose -p*o = -14*o + 220. What is the units digit of (-4)/22 + 4970/o?
5
Suppose -73*x + 72*x - 3 = 0, -c - 2*x + 2133 = 0. What is the thousands digit of c?
2
What is the thousands digit of 4/(17/((-49436)/(-8)))?
1
Let p = 363 + -159. What is the tens digit of p?
0
Let z = 119 + -115. What is the units digit of 2/(z/(424/2))?
6
Suppose -406 = 2*i - 8. Let g = 335 + i. What is the hundreds digit of g?
1
Suppose -8*b + 6690 = -5758. What is the hundreds digit of b?
5
Let x(a) = 4*a + 1. Let i be x(1). Suppose 0 = q - 3 - i. What is the units digit of q?
8
Let q = -546 + 591. Suppose -4*t + 26 = 126. What is the tens digit of (q/t)/((-6)/40)?
1
Suppose -20*p + 5291 = -10069. What is the hundreds digit of p?
7
Suppose 13*d + 246 = 16*d. Suppose d*i = 85*i - 6. What is the units digit of i?
2
Let w(n) = -7*n - 55. What is the units digit of w(-26)?
7
Let a = -1096 - -1255. What is the hundreds digit of a?
1
Let g(b) = -b**3 - 3*b**2 + b + 3. Let p be g(-3). Suppose 0 = -2*n - 3*n + 4*c + 221, -4*n + 3*c + 176 = p. What is the units digit of n?
1
Suppose -13 = -7*p + 162. Suppose -q + 51 = -p. What is the tens digit of q?
7
Let g = 5233 + -2645. What is the hundreds digit of g?
5
Let q = 488 - 419. What is the tens digit of q?
6
What is the tens digit of ((-3404)/230)/((-1)/65)?
6
Let l be (-1)/6 - (-530)/12. Let c = l - 17. Suppose -d + u = -2*u - 24, -2*d = u - c. What is the units digit of d?
5
Let g = -73 + 67. Let x = 40 + g. What is the tens digit of x?
3
Let s(j) = 3*j**2 + 11*j + 20. Let d be s(-7). Let q = d - 52. What is the units digit of q?
8
What is the units digit of 12654/14 + (-55)/(-385)?
4
Let c(f) = -f. Let m(j) = j + 1. Let a(q) = -c(q) - 2*m(q). Let s be a(-5). Suppose -44 = -i - 5*v, -2*i = s*v - 63 - 4. What is the tens digit of i?
2
Suppose -n + 2111 = 4*m, -4*m + 7*n - 9*n = -2114. What is the units digit of m?
7
Suppose -4*c = 2*n + 3*n + 45, 0 = -4*c - n - 25. Let a(b) = 4*b**2 + 7*b + 3. What is the tens digit of a(c)?
6
Suppose 0 = -5*j - 5*o + 1306 - 71, 4*o - 502 = -2*j. What is the hundreds digit of j?
2
Let p(w) = -45 + 21 - 17*w + 4*w. What is the tens digit of p(-11)?
1
Let a(t) = 94*t**2 + 18*t - 64. What is the tens digit of a(3)?
3
Suppose -28 + 9 = w + 5*f, 0 = w - 3*f - 13. Suppose 7 - w = -2*t. What is the tens digit of 426/14 + t/7?
3
Suppose 13*d - 26169 = 7397. What is the tens digit of d?
8
Let n(q) be the third derivative of 109*q**5/60 - 2*q**2. What is the tens digit of n(1)?
0
Let i = 93 - 87. Let n = i - -4. What is the units digit of n?
0
Let b(n) = n**3 - 9*n**2 - 10*n + 8. Let d be 98/10 - 4/(-20). Let m be b(d). Let l = 12 - m. What is the units digit of l?
4
Let x = -7 - -11. Suppose 0 = -3*a + a + 5*q - 15, -x*a = -q + 3. Suppose p - 4 - 10 = a. What is the tens digit of p?
1
Let u(o) = -17*o**3 + 5*o**2 + 5*o + 20. What is the hundreds digit of u(-4)?
1
Let i = -20 - -18. Let m(g) = -2*g**2 - 19*g + 1. Let a(c) = c**2 + 10*c - 1. Let f(h) = i*m(h) - 5*a(h). What is the tens digit of f(-9)?
3
Suppose 3*i = -0*i + 63. Let t be 31/(-7) - (-9)/i. What is the tens digit of 8/5*(-80)/t?
3
Let i(u) = 12*u - 16 - 24*u + 9*u. Let k(p) = -p**3 - 10*p**2 + 2*p + 12. Let d be k(-10). What is the units digit of i(d)?
8
Let w be 1 - (26 - 3)*-14. Let h be (-1)/(-3) + w/3. Let p = h - 75. What is the units digit of p?
3
Let t be (-9)/(9/6 + -3). Let n be 26/t + 1/(-3). Suppose 0 = n*w - w - 120. What is the tens digit of w?
4
Let h(x) = -x**3 + 17*x**2 - 16. Let w be h(17). Let z be (8 + w)/(-4 - -2). Suppose -f = z*f - 60. What is the tens digit of f?
1
Let h = 28 + 236. What is the tens digit of h?
6
Suppose -12*g + 12217 + 6503 = 0. What is the units digit of g?
0
Let q = 333 - 583. Let y = q - -365. What is the units digit of y?
5
Suppose 25*g - 131805 = -4*g. What is the hundreds digit of g?
5
Let z = -2 - -6. Suppose z*d - 58 = 18. What is the tens digit of d?
1
Let o(w) = -111*w - 9. Let i be o(-3). Suppose 6*c + 2*y = 2*c + i, 2*y - 405 = -5*c. What is the units digit of c?
1
Let z(t) = 80*t - 7. What is the hundreds digit of z(6)?
4
Suppose 5*b = 3 + 27. Suppose 115 = b*n - 95. What is the tens digit of n?
3
Suppose 4*j = -16, 2*j + 2552 = 13*b - 9*b. What is the tens digit of b?
3
Let l be 3 + 1 + (3 - 5). Suppose -f = 3*f - l*i - 360, -277 = -3*f + 5*i. What is the units digit of f?
9
Suppose -1497 = 5*z + 1378. Let b = z + 829. What is the units digit of b?
4
Suppose 5 = -0*z + z, m + 5*z - 14 = 0. Let c = m - -24. Let a(t) = -t**3 + 14*t**2 - 11*t - 10. What is the tens digit of a(c)?
1
Let i(o) = 2*o**2 + 4*o + 8. Let f be i(-6). Let m be (15/10)/(6/f). Suppose 43 = z - 5*r - m, 5*z - 285 = -4*r. What is the units digit of z?
7
Suppose r = -3*r + 12, 3*r = -3*t + 9. Suppose 2*y = 2*a - 362, 194*a - 716 = 190*a - 4*y. Suppose -4*z + 8*z - a = t. What is the units digit of z?
5
Let s(y) = 12*y + 6 + 7*y - 8. Let r be s(1). Let l(p) = -p**3 + 16*p**2 + 17*p + 25. What is the units digit of l(r)?
5
Let f be (-51)/(-15) + (-6)/15. Let n be (-1)/1 - (1 - 5). What is the tens digit of n + -3 + f - -15?
1
Suppose 6*t = -2415 - 1137. Let o be t/(-40) - (-4)/(-5). Suppose -o*x + 10*x = -48. What is the units digit of x?
2
Suppose -l + 2*l = -5*l. Let j = 34 - 1. Suppose 3*r + 55 = 5*t, 0 = 3*t - r - l*r - j. What is the units digit of t?
1
Let i = -13 - -10. Let w = i - -44. What is the tens digit of w?
4
Let l(m) = -8*m + 15. Let f be l(6). What is the units digit of 11/f + (-142)/(-3)?
7
Suppose 3*j - 8 = 28. Suppose 17 = u - j. What is the units digit of u?
9
Suppose 5*i + 3 + 7 = 0. Let d be -1 + i - (-80)/5. Let v = d - -30. What is the tens digit of v?
4
Suppose -4*q + 60 = 528. Suppose -2*g = -5*g - 6. What is the tens digit of (q/18)/(g/12)?
3
Suppose 7*y - 2*y + c = 101, 0 = -3*y + 5*c + 83. Let i(w) = w**3 + 13*w**2 + 13*w + 14. Let m be i(-12). Suppose y = p + m. What is the tens digit of p?
1
Suppose 0 = -3*h + 119 - 29. Suppose 0 = h*u - 33*u + 276. What is the tens digit of u?
9
Suppose -533 + 38 = -5*v. Suppose -23 = -2*f + v. What is the tens digit of f?
6
Let t be 3*(5 - -2)/(-1). Let r = t - -41. Suppose -3*b + r = 2. What is the units digit of b?
6
Let h(p) = p**3 + 7*p**2 + p - 8. Let r be 9/(-2)*(-28)/21. Let t = -12 + r. What is the units digit of h(t)?
2
Suppose 4*s - 2080 - 1072 = -2*z, 3*s - z = 2364. What is the tens digit of s?
8
Let y(p) = -5*p**2 - p**3 + 3*p + 0 + 5 + 2. Let k be 1/(-4 + 2/(-12) + 4). What is the units digit of y(k)?
5
Let r(h) be the third derivative of -h**4/24 - h**3/6 - 2*h**2. Let v be r(-13). What is the units digit of (16/v)/(4/18)?
6
Suppose 0 = -5*g + 5. Let j be (1 - -50 - -2)*g. Let v = -34 + j. What is the units digit of v?
9
Suppose -s + 6 = -f + s, -s = 2*f - 8. Suppose z + 420 = 5*u, f*z + 420 = u + 4*u. What is the units digit of u?
4
Suppose 3*g = -2*g + 10. Let p be g/8 - (-49)/28. Suppose 49 = 3*d + 2*s, p*d + 3*s + 69 = 5*d. What is the tens digit of d?
1
Let h(s) = -s**3 - 4*s**2 - s - 4. Let p be h(-4). Let z be -15*(p + 30/9). What is the units digit of z/(-2) - (0 - -3)?
2
Suppose 0 = -35*d + 84749 - 4354. What is the tens digit of d?
9
Let d(y) = -y**3 - y + 110. Let v be d(0). Suppose h - 128 = 2*f, -4*f = 2*h - 5*h + 260. Let a = f + v. What is the units digit of a?
8
Suppose 2*f = n + 23 - 181, 5*n + 4*f = 790. Suppose 3*y + o = -2*o + 261, 0 = 2*y - 2*o -